312?
2122
In base 4, what is -121 + 23212?
23031
In base 16, what is -7 + -419d?
-41a4
In base 8, what is 24 + -20?
4
In base 16, what is 5 + -3f8b?
-3f86
In base 13, what is 1b85b - 2?
1b859
In base 4, what is -2231000 - 20?
-2231020
In base 11, what is -16 + -1437?
-1452
In base 5, what is 13000 - 1341?
11104
In base 6, what is -1504210 + -14?
-1504224
In base 4, what is -1110303112 + -3?
-1110303121
In base 11, what is 1 - -9724?
9725
In base 2, what is -1010001 - -110110111?
101100110
In base 8, what is -141647 + -16?
-141665
In base 13, what is -4b + -1c83?
-2001
In base 12, what is 9 + 20a?
217
In base 11, what is -1a73 + -126?
-2099
In base 3, what is 1011021 - -101022?
1112120
In base 8, what is 13 - -11351?
11364
In base 4, what is -1231223033 + 0?
-1231223033
In base 8, what is -25650 - -1?
-25647
In base 12, what is 4 + 85567?
8556b
In base 12, what is -2 + 4a68?
4a66
In base 4, what is -1 + -22100103?
-22100110
In base 3, what is 10 + -1210211?
-1210201
In base 15, what is -5d - 321?
-37e
In base 16, what is -4c + -5f82?
-5fce
In base 3, what is -12 + -1001021100021?
-1001021100110
In base 7, what is 6 + -1340662?
-1340653
In base 12, what is 9 - -314?
321
In base 2, what is 1001000111 + 1111000?
1010111111
In base 6, what is -11303 - -221?
-11042
In base 6, what is 144 - 332023?
-331435
In base 12, what is 103a + -2055?
-1017
In base 12, what is -184 + -7?
-18b
In base 2, what is 110 + -11000000100000?
-11000000011010
In base 14, what is -2328 + 23?
-2305
In base 15, what is -9543 - 2?
-9545
In base 9, what is 2775 + -71?
2704
In base 2, what is -1010100 + 10010100010?
10001001110
In base 15, what is 142a - 2?
1428
In base 16, what is 2c8 + -ec?
1dc
In base 6, what is -1414132 + 2?
-1414130
In base 5, what is -132204 + -2?
-132211
In base 12, what is 2 - -33183?
33185
In base 3, what is -12002210002 + -12?
-12002210021
In base 8, what is -2 + 3325616?
3325614
In base 15, what is 736 + 5?
73b
In base 16, what is d + 1701?
170e
In base 5, what is 3 - -2334132?
2334140
In base 2, what is -1 + -11000101010000?
-11000101010001
In base 11, what is -450 - 3?
-453
In base 8, what is 504 + -137?
345
In base 12, what is -1a960 - 5?
-1a965
In base 2, what is -1010 - 100010100111101?
-100010101000111
In base 16, what is -b8 + 18?
-a0
In base 13, what is 12 - 46a?
-458
In base 8, what is -4 - -47122?
47116
In base 5, what is -20 + 30422?
30402
In base 11, what is 10a - 91?
29
In base 2, what is -1001000 - -1111111101?
1110110101
In base 13, what is 18b9 + 0?
18b9
In base 13, what is 54 + -252?
-1cb
In base 4, what is -1133 + 103301?
102102
In base 6, what is -202240215 - 1?
-202240220
In base 15, what is e + 6366?
6375
In base 4, what is 230321132 + 10?
230321202
In base 13, what is -74 - 617?
-68b
In base 3, what is -121211210110 - 1?
-121211210111
In base 2, what is 10010 + -10000000101100000?
-10000000101001110
In base 15, what is -5 - 169c?
-16a2
In base 8, what is -325616 + 2?
-325614
In base 9, what is -4 - -60101?
60086
In base 5, what is -132 + -11144?
-11331
In base 2, what is 1100011110110110111 - -110?
1100011110110111101
In base 6, what is -14122044 + 4?
-14122040
In base 5, what is 32 - 120431?
-120344
In base 10, what is 161 - 5767?
-5606
In base 10, what is -260 + 453?
193
In base 15, what is 25 - -8ec?
922
In base 10, what is 10899 + 0?
10899
In base 2, what is 10000100001110 - 1?
10000100001101
In base 3, what is 2111100121012 + 0?
2111100121012
In base 4, what is -13221303302 + -2?
-13221303310
In base 15, what is c8 - c21?
-b48
In base 3, what is -2020021 - 2211?
-2100002
In base 10, what is -1603 + 15?
-1588
In base 14, what is 0 - 40d52?
-40d52
In base 6, what is 4 - 1434?
-1430
In base 10, what is -167 + -241?
-408
In base 16, what is -66 - -11df?
1179
In base 14, what is -18 + -3a10?
-3a28
In base 9, what is 2546 - -1361?
4017
In base 4, what is 12 + 132331322?
132332000
In base 3, what is -110122021 - 210?
-110200001
In base 15, what is -3ea - -88e?
494
In base 13, what is 52 + -a13?
-991
In base 8, what is 2317017 - 3?
2317014
In base 16, what is de3 + -2?
de1
In base 11, what is -33041 - 0?
-33041
In base 5, what is -10 + 114324?
114314
In base 16, what is -3 + 1786?
1783
In base 12, what is -12379a - 2?
-1237a0
In base 2, what is 101 + -1111010100100?
-1111010011111
In base 6, what is -342 + 523?
141
In base 8, what is 5 + 37050?
37055
In base 13, what is 335 - -917?
c4c
In base 10, what is -253 - 5618?
-5871
In base 6, what is 41032 - -21?
41053
In base 2, what is 11001010000 + -1011010011?
1101111101
In base 15, what is -a2374 - 0?
-a2374
In base 10, what is 7 - -80978?
80985
In base 11, what is -20 + -612a?
-614a
In base 15, what is c - -b75?
b82
In base 2, what is -1110001010 - 10011011000?
-100001100010
In base 3, what is -11 + -100021022?
-100021110
In base 11, what is -3129 + -632?
-3760
In base 3, what is -22012 - -1001?
-21011
In base 5, what is -1000 + 431324?
430324
In base 7, what is -5 - -205056?
205051
In base 8, what is -605063 - 3?
-605066
In base 12, what is -1 - 554?
-555
In base 4, what is -200302332010 - 10?
-200302332020
In base 13, what is -500c2 - 1?
-500c3
In base 5, what is 231011324 + -10?
231011314
In base 7, what is 11450 - 1436?
10011
In base 8, what is -3272 - -103?
-3167
In base 6, what is 1153 + -304?
445
In base 13, what is -17 - 819?
-833
In base 13, what is -131 + 6bc?
58b
In base 14, what is 13 + -984c?
-9839
In base 6, what is -41315 - 15?
-41334
In base 8, what is -4 + 17052?
17046
In base 2, what is -110100110 - -1111100000101?
1110101011111
In base 8, what is 46147 - 6?
46141
In base 13, what is 200 + 14?
214
In base 4, what is 32 + -320310?
-320212
In base 3, what is -10212 + 100?
-10112
In base 7, what is -450 + -1115?
-1565
In base 2, what is -100000001 + -111100?
-100111101
In base 13, what is -512a6 - 2?
-512a8
In base 3, what is -100011021120 + 10?
-100011021110
In base 16, what is 18 - 14c6?
-14ae
In base 14, what is 5 + -3672?
-366b
In base 8, what is -41233 - -12?
-41221
In base 11, what is 383a6 + 1?
383a7
In base 2, what is 10000101 + -11000011110?
-10110011001
In base 13, what is -1 + 265c5?
265c4
In base 3, what is 221101221 + 0?
221101221
In base 7, what is 210414 - -16?
210433
In base 5, what is 1421 - 410?
1011
In base 10, what is 4 - -601562?
601566
In base 11, what is 13582 + 51?
13623
In base 10, what is -2 + 2437?
2435
In base 3, what is -1002 - -22022121?
22021112
In base 6, what is 210 - 202?
4
In base 7, what is -661 + -164?
-1155
In base 15, what is -38 + -53b?
-574
In base 7, what is -151 + 1030?
546
In base 4, what is 11120131 - 1?
11120130
In base 7, what is 216250 - -5?
216255
In base 2, what is -1101011110101 + 10?
-1101011110011
In base 10, what is -673 + -6?
-679
In base 6, what is -2 + -44533?
-44535
In base 2, what is 10011010 + 11101100?
110000110
In base 16, what is -32a9 - -199?
-3110
In base 3, what is -10121100 + -200?
-10122000
In base 12, what is 2736 - 157?
259b
In base 15, what is -36eb - 1b?
-3717
In base 9, what is -13 - 2311?
-2324
In base 10, what is 6 + -3683?
-3677
In base 15, what is 96b4 - -3?
96b7
In base 7, what is 10420023 + -4?
10420016
In base 14, what is -42 + 365b?
3619
In base 16, what is -2d + 6aae?
6a81
In base 7, what is -2 + 2564440?
2564435
In base 11, what is -29a + -22?
-311
In base 12, what is 543b04 - 3?
543b01
In base 16, what is -3139 - 3?
-313c
In base 15, what is 209d9 + -3?
209d6
In base 7, what is -12 - -25145?
25133
In base 12, what is 102 - -10b3?
11b5
In base 8, what is 162 - -3141?
3323
In base 11, what is -287a89 - 3?
-287a91
In base 9, what is -8 - 87577?
-87586
In base 5, what is 132 - 1412?
-1230
In base 15, what is 29 + -65c3?
-6599
In base 3, what is -1 + 100022120100?
100022120022
In base 3, what is 0 - -10221011010?
10221011010
In base 11, what is 11607 - 7?
11600
In base 3, what is 2 - 102121000?
-102120221
In base 6, what is -22 - -123410?
123344
In base 16, what is -1d - 28f?
-2ac
In base 8, what is 105 + -153?
-46
In base 7, what is -320 + 40456?
40136
In base 4, what is -1200 + -3111?
-10311
In base 2, what is 10011001001 - 1000011?
10010000110
In base 15, what is -79 + -96?
-120
In base 6, what is -302 + -454034?
-454340
In base 16, what is 0 + 40f6?
40f6
In base 3, what is 22112 + -